{"id":24,"date":"2022-04-12T00:10:49","date_gmt":"2022-04-11T22:10:49","guid":{"rendered":"https:\/\/www.frederiqueneau.fr\/?page_id=24"},"modified":"2024-05-01T18:45:36","modified_gmt":"2024-05-01T16:45:36","slug":"entreprises","status":"publish","type":"page","link":"https:\/\/www.frederiqueneau.fr\/index.php\/entreprises\/","title":{"rendered":"Formations en entreprise"},"content":{"rendered":"\n<p><strong>BNP, Thales et l&rsquo;Institut Fran\u00e7ais du Yoga du Rire Fabrice Loizeau\u2026 De nombreuses entreprises et institutions ont recours \u00e0 mes services pour am\u00e9liorer au quotidien la sant\u00e9 de leurs salari\u00e9s.<\/strong><\/p>\n\n\n\n<figure class=\"wp-block-image size-large\"><img loading=\"lazy\" decoding=\"async\" width=\"1024\" height=\"575\" src=\"https:\/\/www.frederiqueneau.fr\/wp-content\/uploads\/2024\/05\/formation-yoga-du-rire-entreprise-fabrice-loizeau_14-1024x575.jpg\" alt=\"\" class=\"wp-image-376\" srcset=\"https:\/\/www.frederiqueneau.fr\/wp-content\/uploads\/2024\/05\/formation-yoga-du-rire-entreprise-fabrice-loizeau_14-1024x575.jpg 1024w, https:\/\/www.frederiqueneau.fr\/wp-content\/uploads\/2024\/05\/formation-yoga-du-rire-entreprise-fabrice-loizeau_14-300x168.jpg 300w, https:\/\/www.frederiqueneau.fr\/wp-content\/uploads\/2024\/05\/formation-yoga-du-rire-entreprise-fabrice-loizeau_14-768x431.jpg 768w, https:\/\/www.frederiqueneau.fr\/wp-content\/uploads\/2024\/05\/formation-yoga-du-rire-entreprise-fabrice-loizeau_14-1536x862.jpg 1536w, https:\/\/www.frederiqueneau.fr\/wp-content\/uploads\/2024\/05\/formation-yoga-du-rire-entreprise-fabrice-loizeau_14-540x303.jpg 540w, https:\/\/www.frederiqueneau.fr\/wp-content\/uploads\/2024\/05\/formation-yoga-du-rire-entreprise-fabrice-loizeau_14-1080x606.jpg 1080w, https:\/\/www.frederiqueneau.fr\/wp-content\/uploads\/2024\/05\/formation-yoga-du-rire-entreprise-fabrice-loizeau_14.jpg 1559w\" sizes=\"auto, (max-width: 1024px) 100vw, 1024px\" \/><\/figure>\n\n\n\n<p>En tant que coach, j\u2019interviens en pr\u00e9sentiel ( ou en visio ) pour la BNP, Thales, Urgence Rire Quebec, l\u2019Institut Fran\u00e7ais du Yoga du Rire Fabrice Loizeau, des centres sociaux, l&rsquo;association L&rsquo;R en jeu \u2026<\/p>\n\n\n\n<p>Le <strong>Yoga du rire c\u2019est une combinaison de rires,<\/strong> <strong>de stretching doux, respiration de yoga et m\u00e9ditation.<\/strong><\/p>\n\n\n\n<p> Le Yoga du Rire lib\u00e8re des endorphines, hormones du bien-\u00eatre.<\/p>\n\n\n\n<p> <strong>LES BIENFAITS DU YOGA DU RIRE OU RIRE INTENTIONNEL :<\/strong><\/p>\n\n\n\n<ul class=\"wp-block-list\">\n<li>Il nous fait relativiser\u2026<\/li>\n\n\n\n<li>Cr\u00e9er du lien entre collaborateur-trices<\/li>\n\n\n\n<li>Il \u00e9vacue le stress <\/li>\n\n\n\n<li>Fait baisser le cortisol et renforce notre syst\u00e8me immunitaire<\/li>\n\n\n\n<li>Fortifie le muscle cardiaque\u2026 <\/li>\n<\/ul>\n\n\n\n<p>Les s\u00e9ances am\u00e9liorent la concentration et la productivit\u00e9 des participant-es, car ils se sentiront plus d\u00e9tendus et \u00ab\u00a0\u00e9nergis\u00e9s\u00a0\u00bb apr\u00e8s les s\u00e9ances.<\/p>\n\n\n\n<p class=\"has-normal-font-size\"><strong>La Gymnastique holistique m\u00e9thode du Dr Ehrenfried<\/strong> peut \u00eatre b\u00e9n\u00e9fique pour les collaborateurs(trices) d&rsquo;une entreprise de plusieurs fa\u00e7ons.<\/p>\n\n\n\n<p>Gr\u00e2ce \u00e0 cette gymnastique ludique, sensorielle et r\u00e9-\u00e9nergisante, chaque participant.e retrouve : un meilleur alignement articulaire une meilleure posture &nbsp;une nouvelle fa\u00e7on de bouger, un bon \u00e9quilibre.<\/p>\n\n\n\n<p>De plus, avec l&rsquo;attention port\u00e9e sur leur corps et leur respiration, les participant-es peuvent am\u00e9liorer leur posture, leur \u00e9quilibre et leur souplesse, ce qui peut r\u00e9duire les risques de blessure et les douleurs physiques. Les s\u00e9ances de gymnastique holistique peuvent aider \u00e0 am\u00e9liorer la concentration et la productivit\u00e9 des employ\u00e9s, car ils se sentiront plus d\u00e9tendus et \u00e9nergis\u00e9s apr\u00e8s les s\u00e9ances.<\/p>\n\n\n\n<p>Enfin, la gymnastique holistique est une m\u00e9thode adapt\u00e9e \u00e0 tous les niveaux de condition physique, donc tout le monde peut y participer, quel que soit leur \u00e2ge ou leur capacit\u00e9 physique.<\/p>\n\n\n\n<p>Offrir des s\u00e9ances de gymnastique holistique \u00e0 vos collaborateurs(trices) peut \u00eatre une excellente fa\u00e7on de promouvoir la sant\u00e9 et le bien-\u00eatre g\u00e9n\u00e9ral au sein de l&rsquo;entreprise.<\/p>\n\n\n\n<h2 class=\"wp-block-heading\">En pratique<\/h2>\n\n\n\n<p>Les s\u00e9ances s&rsquo;adresse aux particuliers ou aux entreprises. En groupe \u00e0 partir de 8 personnes jusqu&rsquo;\u00e0 50 participant-es ou plus. Des s\u00e9ances courtes d\u00e9couvertes o\u00f9 sur une demi-journ\u00e9e, concevons ensemble la formule adapt\u00e9e. <\/p>\n\n\n\n<p>Apr\u00e8s un entretien approfondi et une analyse des besoins faite ensemble, diff\u00e9rents projets peuvent \u00e9merger : ateliers en groupe ou en coaching individuel, en sessions sur un trimestre ou \u00e0 l\u2019unit\u00e9, en Team building ponctuel pour les entreprises. <\/p>\n\n\n\n<p>Par exemple : au cours d\u2019une team building, nous pouvons organiser une ou plusieurs s\u00e9ances courtes de Yoga du Rire pour cr\u00e9er un esprit d\u2019\u00e9quipe et briser la glace.<\/p>\n\n\n\n<p>Cr\u00e9ons ensemble la formule qui correspond \u00e0 vos besoins.&nbsp; Par exemple :<\/p>\n\n\n\n<ul class=\"wp-block-list\">\n<li>Sur 1\/2 journ\u00e9e (3 h)<\/li>\n\n\n\n<li>1 journ\u00e9e ou 2 jours (6h\/ jour avec pause)<\/li>\n\n\n\n<li>S\u00e9ances d\u20191h ou d\u20191h30 avec au choix Gym Holistique ou Yoga du rire<\/li>\n\n\n\n<li>Formule express en groupe : d\u00e9couverte du Yoga du Rire sur 30 min<\/li>\n\n\n\n<li>Cycle de 5 s\u00e9ances de 1h30 par petits groupes de 6 ou individuel pour appr\u00e9hender un meilleur positionnement corporel \u00e0 son poste de travail et pr\u00e9venir les Troubles musculo-squelettiques.<\/li>\n\n\n\n<li>Mal de dos, trap\u00e8zes nou\u00e9s, articulations sensibles, besoin de tonifier ses abdominaux et son p\u00e9rin\u00e9e en douceur\u2026<\/li>\n<\/ul>\n\n\n\n<p>Gr\u00e2ce \u00e0 cette gymnastique ludique, sensorielle et r\u00e9-\u00e9nergisante, chaque participant.e retrouve : un meilleur alignement articulaire une meilleure posture &nbsp;une nouvelle fa\u00e7on de bouger, un bon \u00e9quilibre.<\/p>\n\n\n\n<div class=\"wp-block-cover alignfull\" style=\"min-height:579px;aspect-ratio:unset;\"><span aria-hidden=\"true\" class=\"wp-block-cover__background has-background-dim-60 has-background-dim\"><\/span><img loading=\"lazy\" decoding=\"async\" width=\"1152\" height=\"479\" class=\"wp-block-cover__image-background wp-image-164\" alt=\"\" src=\"https:\/\/www.frederiqueneau.fr\/wp-content\/uploads\/2022\/06\/banniere-site-2.jpg\" style=\"object-position:88% 95%\" data-object-fit=\"cover\" data-object-position=\"88% 95%\" srcset=\"https:\/\/www.frederiqueneau.fr\/wp-content\/uploads\/2022\/06\/banniere-site-2.jpg 1152w, https:\/\/www.frederiqueneau.fr\/wp-content\/uploads\/2022\/06\/banniere-site-2-300x125.jpg 300w, https:\/\/www.frederiqueneau.fr\/wp-content\/uploads\/2022\/06\/banniere-site-2-1024x426.jpg 1024w, https:\/\/www.frederiqueneau.fr\/wp-content\/uploads\/2022\/06\/banniere-site-2-768x319.jpg 768w\" sizes=\"auto, (max-width: 1152px) 100vw, 1152px\" \/><div class=\"wp-block-cover__inner-container is-layout-flow wp-block-cover-is-layout-flow\">\n<h1 class=\"wp-block-heading alignwide has-text-align-center has-white-color has-text-color\" style=\"font-size:51px\">Gymnastique Holistique<br>M\u00e9thode du Dr Ehrenfried \u00ae<\/h1>\n\n\n\n<p class=\"has-text-align-center has-white-color has-text-color has-x-large-font-size\">&amp;<\/p>\n\n\n\n<h2 class=\"wp-block-heading has-text-align-center has-white-color has-text-color\" style=\"font-size:50px\">Yoga du Rire<\/h2>\n\n\n\n<p><\/p>\n\n\n\n<p><\/p>\n\n\n\n<div class=\"wp-block-columns alignwide is-layout-flex wp-container-core-columns-is-layout-9d6595d7 wp-block-columns-is-layout-flex\">\n<div class=\"wp-block-column is-layout-flow wp-block-column-is-layout-flow\">\n<p><\/p>\n<\/div>\n<\/div>\n<\/div><\/div>\n\n\n\n<p class=\"has-medium-font-size\"><\/p>\n","protected":false},"excerpt":{"rendered":"<p>BNP, Thales et l&rsquo;Institut Fran\u00e7ais du Yoga du Rire Fabrice Loizeau\u2026 De nombreuses entreprises et institutions ont recours \u00e0 mes services pour am\u00e9liorer au quotidien la sant\u00e9 de&hellip;<\/p>\n","protected":false},"author":1,"featured_media":145,"parent":0,"menu_order":0,"comment_status":"closed","ping_status":"closed","template":"","meta":{"footnotes":""},"class_list":["post-24","page","type-page","status-publish","has-post-thumbnail","hentry"],"_links":{"self":[{"href":"https:\/\/www.frederiqueneau.fr\/index.php\/wp-json\/wp\/v2\/pages\/24","targetHints":{"allow":["GET"]}}],"collection":[{"href":"https:\/\/www.frederiqueneau.fr\/index.php\/wp-json\/wp\/v2\/pages"}],"about":[{"href":"https:\/\/www.frederiqueneau.fr\/index.php\/wp-json\/wp\/v2\/types\/page"}],"author":[{"embeddable":true,"href":"https:\/\/www.frederiqueneau.fr\/index.php\/wp-json\/wp\/v2\/users\/1"}],"replies":[{"embeddable":true,"href":"https:\/\/www.frederiqueneau.fr\/index.php\/wp-json\/wp\/v2\/comments?post=24"}],"version-history":[{"count":36,"href":"https:\/\/www.frederiqueneau.fr\/index.php\/wp-json\/wp\/v2\/pages\/24\/revisions"}],"predecessor-version":[{"id":406,"href":"https:\/\/www.frederiqueneau.fr\/index.php\/wp-json\/wp\/v2\/pages\/24\/revisions\/406"}],"wp:featuredmedia":[{"embeddable":true,"href":"https:\/\/www.frederiqueneau.fr\/index.php\/wp-json\/wp\/v2\/media\/145"}],"wp:attachment":[{"href":"https:\/\/www.frederiqueneau.fr\/index.php\/wp-json\/wp\/v2\/media?parent=24"}],"curies":[{"name":"wp","href":"https:\/\/api.w.org\/{rel}","templated":true}]}}