{"id":3,"date":"2022-04-08T16:50:35","date_gmt":"2022-04-08T14:50:35","guid":{"rendered":"http:\/\/www.frederiqueneau.fr\/?page_id=3"},"modified":"2023-04-08T16:41:20","modified_gmt":"2023-04-08T14:41:20","slug":"politique-de-confidentialite","status":"publish","type":"page","link":"https:\/\/www.frederiqueneau.fr\/index.php\/politique-de-confidentialite\/","title":{"rendered":"Politique de confidentialit\u00e9"},"content":{"rendered":"\n<p>La politique de confidentialit\u00e9 de notre site vitrine est une d\u00e9claration importante de notre engagement \u00e0 prot\u00e9ger les informations personnelles de nos utilisateurs. Nous nous engageons \u00e0 respecter les lois et r\u00e9glementations applicables en mati\u00e8re de protection des donn\u00e9es, y compris le R\u00e8glement g\u00e9n\u00e9ral sur la protection des donn\u00e9es (RGPD) de l&rsquo;Union europ\u00e9enne.<\/p>\n\n\n\n<p>Les informations que nous collectons sur nos utilisateurs sont utilis\u00e9es uniquement pour am\u00e9liorer leur exp\u00e9rience sur notre site et pour leur fournir des services de qualit\u00e9. Nous ne partageons jamais les informations personnelles des utilisateurs avec des tiers sans leur consentement explicite.<\/p>\n\n\n\n<p>Nous collectons des informations telles que l&rsquo;adresse IP, les donn\u00e9es de connexion, les informations de g\u00e9olocalisation, les cookies et les informations fournies par l&rsquo;utilisateur lors de l&rsquo;inscription ou de l&rsquo;envoi de formulaires de contact. Nous utilisons ces informations pour am\u00e9liorer l&rsquo;exp\u00e9rience de l&rsquo;utilisateur sur notre site, personnaliser le contenu et les publicit\u00e9s, et pour fournir des informations sur nos produits et services.<\/p>\n\n\n\n<p>Nous utilisons \u00e9galement des technologies de suivi tierces, comme Google Analytics, pour collecter des informations sur la fa\u00e7on dont les utilisateurs interagissent avec notre site. Ces informations sont utilis\u00e9es pour am\u00e9liorer la qualit\u00e9 de notre site et pour fournir des informations sur nos produits et services.<\/p>\n\n\n\n<p>Nous prenons des mesures pour prot\u00e9ger les informations personnelles de nos utilisateurs, en utilisant des m\u00e9thodes de stockage s\u00e9curis\u00e9es et en appliquant des mesures de s\u00e9curit\u00e9 appropri\u00e9es pour emp\u00eacher l&rsquo;acc\u00e8s non autoris\u00e9 ou la divulgation de ces informations.<\/p>\n\n\n\n<p>Si vous avez des questions ou des pr\u00e9occupations concernant notre politique de confidentialit\u00e9, veuillez nous contacter via notre formulaire de contact. Nous sommes engag\u00e9s \u00e0 prot\u00e9ger la vie priv\u00e9e de nos utilisateurs et \u00e0 fournir une exp\u00e9rience en ligne s\u00e9curis\u00e9e et agr\u00e9able.<\/p>\n","protected":false},"excerpt":{"rendered":"<p>La politique de confidentialit\u00e9 de notre site vitrine est une d\u00e9claration importante de notre engagement \u00e0 prot\u00e9ger les informations personnelles de nos utilisateurs. Nous nous engageons \u00e0 respecter&hellip;<\/p>\n","protected":false},"author":1,"featured_media":0,"parent":0,"menu_order":0,"comment_status":"closed","ping_status":"open","template":"","meta":{"footnotes":""},"class_list":["post-3","page","type-page","status-publish","has-post-thumbnail","hentry"],"_links":{"self":[{"href":"https:\/\/www.frederiqueneau.fr\/index.php\/wp-json\/wp\/v2\/pages\/3","targetHints":{"allow":["GET"]}}],"collection":[{"href":"https:\/\/www.frederiqueneau.fr\/index.php\/wp-json\/wp\/v2\/pages"}],"about":[{"href":"https:\/\/www.frederiqueneau.fr\/index.php\/wp-json\/wp\/v2\/types\/page"}],"author":[{"embeddable":true,"href":"https:\/\/www.frederiqueneau.fr\/index.php\/wp-json\/wp\/v2\/users\/1"}],"replies":[{"embeddable":true,"href":"https:\/\/www.frederiqueneau.fr\/index.php\/wp-json\/wp\/v2\/comments?post=3"}],"version-history":[{"count":3,"href":"https:\/\/www.frederiqueneau.fr\/index.php\/wp-json\/wp\/v2\/pages\/3\/revisions"}],"predecessor-version":[{"id":325,"href":"https:\/\/www.frederiqueneau.fr\/index.php\/wp-json\/wp\/v2\/pages\/3\/revisions\/325"}],"wp:attachment":[{"href":"https:\/\/www.frederiqueneau.fr\/index.php\/wp-json\/wp\/v2\/media?parent=3"}],"curies":[{"name":"wp","href":"https:\/\/api.w.org\/{rel}","templated":true}]}}